{"id":5103,"date":"2021-06-04T09:45:04","date_gmt":"2021-06-04T09:45:04","guid":{"rendered":"https:\/\/lecampusnumerique.fr\/wopr\/?post_type=product&#038;p=5103"},"modified":"2021-06-08T16:24:57","modified_gmt":"2021-06-08T16:24:57","slug":"mathematiques-preparation-a-lexamen","status":"publish","type":"product","link":"https:\/\/lecampusnumerique.fr\/wopr\/?product=mathematiques-preparation-a-lexamen","title":{"rendered":"Math\u00e9matiques (pr\u00e9paration \u00e0 l&rsquo;examen)"},"content":{"rendered":"<div class=\"wpb-content-wrapper\"><p>[vc_row][vc_column][vc_column_text css=\u00a0\u00bb.vc_custom_1622799971005{background-color: #efebe2 !important;}\u00a0\u00bb]<\/p>\n<hr \/>\n<h2 style=\"text-align: center;\"><span style=\"font-size: 28px;\"><em><strong><span style=\"color: #993366;\">30 modules pour 10 \u00e0 15 heures d&rsquo;auto-formation en Math\u00e9matiques<\/span><\/strong><\/em><\/span><\/h2>\n<p>[\/vc_column_text][\/vc_column][\/vc_row][vc_row][vc_column][vc_column_text]<\/p>\n<p style=\"text-align: center;\"><span style=\"font-size: 28px; color: #3366ff; font-family: arial, helvetica, sans-serif;\"><strong>Entrainement et \u00e9valuation sur les savoirs de base <\/strong><strong>en Math\u00e9matiques<\/strong><\/span><\/p>\n<p style=\"text-align: center;\"><span style=\"font-size: 28px; color: #3366ff; font-family: arial, helvetica, sans-serif;\"><strong>(activit\u00e9s extraites de sujets d\u2019examen en CAP)<\/strong><\/span><\/p>\n<p>[\/vc_column_text][\/vc_column][\/vc_row]<\/p>\n<\/div>","protected":false},"excerpt":{"rendered":"<p><strong><span style=\"font-size: 24px; font-family: arial, helvetica, sans-serif; color: #3366ff;\">Ces modules de notre Campus Num\u00e9rique en MATHEMATIQUES sont des activit\u00e9s de r\u00e9vision et d&rsquo;\u00e9valuation sur des sujets d&rsquo;examen de niveau CAP mais aussi pour \u00e9valuer vos \u00e9l\u00e8ves ou apprenti(e)s \u00e0 l&rsquo;entr\u00e9e en BAC Professionnel.<\/span><\/strong><\/p>\n<p><a href=\"https:\/\/lecampusnumerique.fr\/tutoriel\/demo_game\/SCO_0001\/index.html\"><img loading=\"lazy\" decoding=\"async\" class=\"alignnone size-full wp-image-1463\" src=\"https:\/\/lecampusnumerique.fr\/wopr\/wp-content\/uploads\/2019\/11\/bouton_bleu_tester.jpg\" alt=\"\" width=\"258\" height=\"52\" srcset=\"https:\/\/lecampusnumerique.fr\/wopr\/wp-content\/uploads\/2019\/11\/bouton_bleu_tester.jpg 258w, https:\/\/lecampusnumerique.fr\/wopr\/wp-content\/uploads\/2019\/11\/bouton_bleu_tester-250x50.jpg 250w\" sizes=\"auto, (max-width: 258px) 100vw, 258px\" \/><\/a><\/p>\n","protected":false},"featured_media":5104,"template":"","meta":[],"product_brand":[],"product_cat":[88],"product_tag":[27,79,28,78],"class_list":{"0":"post-5103","1":"product","2":"type-product","3":"status-publish","4":"has-post-thumbnail","6":"product_cat-preparation-a-lexamen","7":"product_tag-autoformation","8":"product_tag-chimie","9":"product_tag-enseignement-general","10":"product_tag-physique","11":"wpbf-post","14":"instock","15":"shipping-taxable","16":"product-type-grouped"},"_links":{"self":[{"href":"https:\/\/lecampusnumerique.fr\/wopr\/index.php?rest_route=\/wp\/v2\/product\/5103","targetHints":{"allow":["GET"]}}],"collection":[{"href":"https:\/\/lecampusnumerique.fr\/wopr\/index.php?rest_route=\/wp\/v2\/product"}],"about":[{"href":"https:\/\/lecampusnumerique.fr\/wopr\/index.php?rest_route=\/wp\/v2\/types\/product"}],"wp:featuredmedia":[{"embeddable":true,"href":"https:\/\/lecampusnumerique.fr\/wopr\/index.php?rest_route=\/wp\/v2\/media\/5104"}],"wp:attachment":[{"href":"https:\/\/lecampusnumerique.fr\/wopr\/index.php?rest_route=%2Fwp%2Fv2%2Fmedia&parent=5103"}],"wp:term":[{"taxonomy":"product_brand","embeddable":true,"href":"https:\/\/lecampusnumerique.fr\/wopr\/index.php?rest_route=%2Fwp%2Fv2%2Fproduct_brand&post=5103"},{"taxonomy":"product_cat","embeddable":true,"href":"https:\/\/lecampusnumerique.fr\/wopr\/index.php?rest_route=%2Fwp%2Fv2%2Fproduct_cat&post=5103"},{"taxonomy":"product_tag","embeddable":true,"href":"https:\/\/lecampusnumerique.fr\/wopr\/index.php?rest_route=%2Fwp%2Fv2%2Fproduct_tag&post=5103"}],"curies":[{"name":"wp","href":"https:\/\/api.w.org\/{rel}","templated":true}]}}