{"id":887,"date":"2019-11-17T03:58:48","date_gmt":"2019-11-17T03:58:48","guid":{"rendered":"https:\/\/lecampusnumerique.fr\/wopr\/?post_type=product&#038;p=887"},"modified":"2021-10-27T15:21:19","modified_gmt":"2021-10-27T15:21:19","slug":"francais-niveau2","status":"publish","type":"product","link":"https:\/\/lecampusnumerique.fr\/wopr\/?product=francais-niveau2","title":{"rendered":"Fran\u00e7ais (niveau2)"},"content":{"rendered":"<p>[vc_row][vc_column][vc_column_text css=\u00a0\u00bb.vc_custom_1575110773785{background-color: #efebe2 !important;}\u00a0\u00bb]<\/p>\n<hr \/>\n<h2 style=\"text-align: center;\"><em><strong><span style=\"color: #993366;\">42 modules pour 16 \u00e0 23 heures d&rsquo;auto-formation en fran\u00e7ais (niveau 2)<\/span><\/strong><\/em><\/h2>\n<hr \/>\n<p>[\/vc_column_text][\/vc_column][\/vc_row][vc_row][vc_column width=\u00a0\u00bb1\/2&Prime;][vc_column_text css=\u00a0\u00bb.vc_custom_1575110892751{background-color: #f9f9f9 !important;border-radius: 20px !important;}\u00a0\u00bb]<\/p>\n<h4 style=\"text-align: center;\">\u2248\u2248\u2248\u2248\u2248\u2248\u2248\u2248\u2248\u2248\u2248\u2248<\/h4>\n<h6 style=\"padding-left: 40px;\"><span style=\"color: #333399;\"><em style=\"font-size: 20px;\"><strong>Lecture<\/strong><\/em><\/span><\/h6>\n<ul>\n<li style=\"list-style-type: none;\">\n<ul>\n<li>\n<h6><strong>Retrouver le son intrus<\/strong>.<\/h6>\n<\/li>\n<li>\n<h6><strong>Retrouver le mot intrus.<\/strong><\/h6>\n<\/li>\n<li>\n<h6><strong>Trouver des mots avec une d\u00e9finition donn\u00e9e<\/strong>.<\/h6>\n<\/li>\n<li>\n<h6><strong>Comprendre le sens d&rsquo;un texte. <\/strong><\/h6>\n<\/li>\n<li>\n<h6><strong>Am\u00e9liorer sa vitesse de lecture en m\u00e9morisant des phrases.<\/strong>.<\/h6>\n<\/li>\n<\/ul>\n<\/li>\n<\/ul>\n<h5 style=\"padding-left: 40px;\"><span style=\"color: #333399;\"><strong><em>Orthographe\u00a0<\/em><\/strong><\/span><\/h5>\n<ul>\n<li style=\"list-style-type: none;\">\n<ul>\n<li>\n<h6><strong>Trouver plusieurs verbes mal orthographi\u00e9s et\u00a0 les \u00e9crire correctement. <\/strong><\/h6>\n<\/li>\n<li>\n<h6><strong>Retrouver des \u00e9critures de sons propos\u00e9es dans des phrases ou des expressions\u00a0 courantes.<\/strong><\/h6>\n<\/li>\n<li>\n<h6><strong>M\u00e9moriser, puis \u00e9crire correctement<\/strong> dans des phrases.<\/h6>\n<\/li>\n<li>\n<h6><strong>Retrouver les accords particuliers<\/strong> en genre et en nombre des noms et des adjectifs et participes pass\u00e9s.<\/h6>\n<\/li>\n<li>\n<h6><strong>Trouver les bons homonymes dans une cinquantaine de phrases de la vie courante<\/strong>.<\/h6>\n<\/li>\n<li>\n<h6><strong>R\u00e9viser les r\u00e8gles d&rsquo;usage<\/strong> en compl\u00e9tant des mots dans des phrases avec la bonne orthographe.<\/h6>\n<\/li>\n<\/ul>\n<\/li>\n<\/ul>\n<h4 style=\"text-align: center;\">\u2248\u2248\u2248\u2248\u2248\u2248\u2248\u2248\u2248\u2248\u2248\u2248<\/h4>\n<p>[\/vc_column_text][\/vc_column][vc_column width=\u00a0\u00bb1\/2&Prime;][vc_column_text css=\u00a0\u00bb.vc_custom_1575111370423{background-color: #f9f9f9 !important;border-radius: 20px !important;}\u00a0\u00bb]<\/p>\n<h4 style=\"text-align: center;\">\u2248\u2248\u2248\u2248\u2248\u2248\u2248\u2248\u2248\u2248\u2248\u2248<\/h4>\n<h5 style=\"padding-left: 40px;\"><span style=\"color: #333399;\"><em style=\"font-size: 20px;\"><strong>Expre<\/strong><\/em><em style=\"font-size: 20px;\"><strong>ssion Ecrite<\/strong><\/em><\/span><\/h5>\n<ul>\n<li style=\"list-style-type: none;\">\n<ul>\n<li style=\"text-align: left;\">\n<h6><strong>Reconstituer des textes<\/strong> en employant les tournures les plus appropri\u00e9es dans un texte de la vie courante.<\/h6>\n<\/li>\n<li style=\"text-align: left;\">\n<h6><strong>Retrouver la ponctuation<\/strong> dans 20 phrases o\u00f9 ne sont pas affich\u00e9es ces signes.<\/h6>\n<\/li>\n<li style=\"text-align: left;\">\n<h6><strong>Reconstituer <\/strong><strong>des noms<\/strong> d&rsquo;animaux, d&rsquo;aliments, des noms propres (pays, f\u00eates, du vocabulaire sp\u00e9cifique \u00e0 certains m\u00e9tiers, des verbes synonymes, etc.<\/h6>\n<\/li>\n<li style=\"text-align: left;\">\n<h6>Puzzle\u00a0: Retrouver des verbes \u00e9voquant l&rsquo;id\u00e9e de dire, d&rsquo;agir, d&rsquo;expliquer, &#8230;., des verbes synonymes, des pr\u00e9positions, adverbes, d\u00e9terminants, interjections, &#8230;, des noms propres, du vocabulaire sp\u00e9cifique \u00e0 certains m\u00e9tiers.<\/h6>\n<\/li>\n<li style=\"text-align: left;\">\n<h6><strong>Reconstituer des textes \u00e0 partir de phrases m\u00e9lang\u00e9es .<\/strong><\/h6>\n<\/li>\n<\/ul>\n<\/li>\n<\/ul>\n<h5 style=\"padding-left: 40px;\"><span style=\"color: #333399;\"><strong>Etudes de textes<\/strong><\/span><\/h5>\n<ul>\n<li style=\"list-style-type: none;\">\n<ul>\n<li>\n<h6>\u00a0Les \u00e9tudes de textes comportent des activit\u00e9s \u00e0 choix multiples ou de saisie de donn\u00e9es avec des activit\u00e9s pour \u00e9valuer la capacit\u00e9 \u00e0 s&rsquo;informer et se documenter, mais aussi pour \u00e9valuer la capacit\u00e9 \u00e0 appr\u00e9cier et produire un message structur\u00e9, adapt\u00e9.<\/h6>\n<\/li>\n<\/ul>\n<\/li>\n<\/ul>\n<h4 style=\"text-align: center;\">\u2248\u2248\u2248\u2248\u2248\u2248\u2248\u2248\u2248\u2248\u2248\u2248<\/h4>\n<p>[\/vc_column_text][\/vc_column][\/vc_row][vc_row][vc_column][vc_zigzag el_border_width=\u00a0\u00bb15&Prime;][\/vc_column][\/vc_row]<\/p>\n","protected":false},"excerpt":{"rendered":"<p><span style=\"color: #3366ff;\"><strong><span style=\"font-size: 20px; font-family: arial, helvetica, sans-serif;\">Ces modules de notre Campus Num\u00e9rique sur les savoirs de base en Fran\u00e7ais sont des activit\u00e9s en lecture, orthographe, expression \u00e9crite et sur des \u00e9tudes de textes.<\/span><\/strong><\/span><\/p>\n<p><a href=\"http:\/\/lecampusnumerique.fr\/tutoriel\/demo_francaisN2\/SCO_0001\/index.html\" target=\"_blank\" rel=\"noopener noreferrer\"><img loading=\"lazy\" decoding=\"async\" class=\"alignnone size-full wp-image-1463\" src=\"https:\/\/lecampusnumerique.fr\/wopr\/wp-content\/uploads\/2019\/11\/bouton_bleu_tester.jpg\" alt=\"\" width=\"258\" height=\"52\" srcset=\"https:\/\/lecampusnumerique.fr\/wopr\/wp-content\/uploads\/2019\/11\/bouton_bleu_tester.jpg 258w, https:\/\/lecampusnumerique.fr\/wopr\/wp-content\/uploads\/2019\/11\/bouton_bleu_tester-250x50.jpg 250w\" sizes=\"auto, (max-width: 258px) 100vw, 258px\" \/><\/a><\/p>\n","protected":false},"featured_media":1663,"template":"","meta":[],"product_brand":[],"product_cat":[18],"product_tag":[27,28],"class_list":{"0":"post-887","1":"product","2":"type-product","3":"status-publish","4":"has-post-thumbnail","6":"product_cat-savoirs-de-base","7":"product_tag-autoformation","8":"product_tag-enseignement-general","9":"wpbf-post","12":"instock","13":"shipping-taxable","14":"product-type-grouped"},"_links":{"self":[{"href":"https:\/\/lecampusnumerique.fr\/wopr\/index.php?rest_route=\/wp\/v2\/product\/887","targetHints":{"allow":["GET"]}}],"collection":[{"href":"https:\/\/lecampusnumerique.fr\/wopr\/index.php?rest_route=\/wp\/v2\/product"}],"about":[{"href":"https:\/\/lecampusnumerique.fr\/wopr\/index.php?rest_route=\/wp\/v2\/types\/product"}],"wp:featuredmedia":[{"embeddable":true,"href":"https:\/\/lecampusnumerique.fr\/wopr\/index.php?rest_route=\/wp\/v2\/media\/1663"}],"wp:attachment":[{"href":"https:\/\/lecampusnumerique.fr\/wopr\/index.php?rest_route=%2Fwp%2Fv2%2Fmedia&parent=887"}],"wp:term":[{"taxonomy":"product_brand","embeddable":true,"href":"https:\/\/lecampusnumerique.fr\/wopr\/index.php?rest_route=%2Fwp%2Fv2%2Fproduct_brand&post=887"},{"taxonomy":"product_cat","embeddable":true,"href":"https:\/\/lecampusnumerique.fr\/wopr\/index.php?rest_route=%2Fwp%2Fv2%2Fproduct_cat&post=887"},{"taxonomy":"product_tag","embeddable":true,"href":"https:\/\/lecampusnumerique.fr\/wopr\/index.php?rest_route=%2Fwp%2Fv2%2Fproduct_tag&post=887"}],"curies":[{"name":"wp","href":"https:\/\/api.w.org\/{rel}","templated":true}]}}